 of (3 - -259)*(-1 + (-9)/(-6)).
131
Let v(r) = -r**3 - 6*r**2 - 11*r + 5. What are the prime factors of v(-8)?
13, 17
Let d(x) = x + 11. Let a be d(-8). Let b(q) = 6*q + 1 + a*q**2 + 4 - 4*q**2 + 0*q. List the prime factors of b(5).
2, 5
Suppose d = 3*a - 81, -3*a + 5*d + 65 = -28. List the prime factors of a.
2, 13
Suppose -4*r = -371 - 293. What are the prime factors of r?
2, 83
Let h(r) be the third derivative of -r**5/60 + r**4/24 + r**3/6 + r**2. Let j be h(1). Let n = j + 4. What are the prime factors of n?
5
Let p(x) = x - 1. Let s(u) = -7*u - 1. Let k(a) = -6*p(a) - s(a). Let m be k(-7). Suppose -2*t + 5 = n - t, -5*n - t + 37 = m. What are the prime factors of n?
2
List the prime factors of 14/(20/(-56)*(-5)/50).
2, 7
Let k be (-1 - 9)*(-16)/(-20). Let t = -4 + k. What are the prime factors of ((-16)/t)/((-2)/(-3))?
2
Let l = -374 + 586. Suppose 5*p = 4*n - 173, 5*n + p - l = 3*p. Let o = -29 + n. List the prime factors of o.
13
Let n(l) = l - 1. Let h be n(4). Suppose 0 = -h*a - 7 + 28. List the prime factors of a.
7
Let v(w) = -w**2 + 15*w + 15. Suppose l = 6 + 9. What are the prime factors of v(l)?
3, 5
Let g(x) = -15*x - 12. List the prime factors of g(-6).
2, 3, 13
Let l(u) = -40*u + 11. List the prime factors of l(-2).
7, 13
Suppose 9*q = 4*q + 20. Suppose 0*y + q = 2*y. Suppose y = r, -8 = -2*x + 3*r + 12. What are the prime factors of x?
13
Suppose -3*i = 7 + 2. Let s(z) = -z**2 - 2*z - 1. Let x be s(i). List the prime factors of ((-10)/x)/((-2)/(-4)).
5
Let b(a) = -5*a + 0 + 3 - 2. Let z be b(-2). Suppose 35 = 3*f + z. List the prime factors of f.
2
Let b(d) = 2*d**2 - 2*d. Let h be b(2). Suppose -h*q = 2*z - 46, q = -3*z + z + 40. Let x = z - 8. List the prime factors of x.
11
Suppose -8 = -5*o + 2. Let n = 7 - o. List the prime factors of n.
5
Suppose -i = -2*i - c + 28, -2*c = -2*i + 60. List the prime factors of i.
29
Let t(a) = 8*a - 4. List the prime factors of t(8).
2, 3, 5
Let n = -91 - -157. List the prime factors of n.
2, 3, 11
Suppose 4 = -4*w - 5*t, 5*w - 2*t = -t + 24. Let g = w + 5. List the prime factors of g.
3
Suppose 3*y - 7*y - 4*r = 108, -3*y - 63 = -3*r. Let s(u) = -u**3 + u**2 - u - 3. Let g be s(-3). Let t = g + y. What are the prime factors of t?
2, 3
Let q(y) = y**3 - y + 4. Let j be -2 + 0 + 6/1. Let g = j + -4. List the prime factors of q(g).
2
Suppose 105 = -2*b + 7*b. Suppose -2*d + b = d. What are the prime factors of d?
7
Let y(v) = -v + 6. Let l be y(5). Let o = l - -9. What are the prime factors of o?
2, 5
Suppose w + 5*h + 37 = 0, 3*w = 7*h - 2*h - 131. Let g = -9 - w. What are the prime factors of g?
3, 11
Let o(x) = 14*x**2 - 4 + x - 12*x**2 + 3*x. What are the prime factors of o(-4)?
2, 3
Suppose -21*n - 1130 = -26*n. List the prime factors of n.
2, 113
Let u = -26 - -44. What are the prime factors of u?
2, 3
Suppose 0 = -3*n + 1128 - 438. What are the prime factors of n?
2, 5, 23
Suppose -7 = -2*z - q + 4*q, 5*z + q = 43. Let g(b) = b - 12. Let n be g(8). Let u = z - n. List the prime factors of u.
2, 3
Let v(q) = 90*q**2 + q - 2. List the prime factors of v(1).
89
Let d = 22 - 21. Let b(s) = 19*s**3 - s**2 - s + 1. What are the prime factors of b(d)?
2, 3
Let z(m) = 13*m. Suppose 5*s - 3 = 2*s. List the prime factors of z(s).
13
What are the prime factors of 0 + -151*(-7)/(28/8)?
2, 151
Let q(i) be the first derivative of i**4/4 - 5*i**3/3 - 2*i**2 + 6*i + 3. List the prime factors of q(6).
2, 3
List the prime factors of ((-226)/(-52) - 6/(-39))*34.
3, 17
Let q = -1 + 3. Let z be 2/((12/9)/q). Suppose 5*n + 2 = 5*j - 13, 3*j + z*n - 27 = 0. What are the prime factors of j?
2, 3
Let y(u) = 2*u - 6. Let f be y(6). Let s = -11 - -15. Suppose -x = -s*x + f. List the prime factors of x.
2
Suppose 7 = m + 4*r - 14, 0 = -3*m - 4*r + 47. Let i = -1 + m. List the prime factors of i.
2, 3
Let q = 0 + 15. What are the prime factors of q?
3, 5
Let b(s) = 3*s - 10. Let d be b(12). Suppose -d = -3*p - 2. List the prime factors of p.
2
Let q(a) = -a**3 + 7*a**2 - 2*a. Let p be q(5). List the prime factors of 32/p + 232/10.
2, 3
Let q = -8 + -2. Let f(p) = p + 18. List the prime factors of f(q).
2
Let n be 24*(-1)/5*-5. Let u = -16 + n. List the prime factors of u.
2
Let b = 7 - 7. Suppose b = 2*d - 11 - 5. What are the prime factors of d?
2
Suppose -16 = -4*x + 32. Let u = 17 - x. List the prime factors of u.
5
Let q = -2 - -5. Suppose 0*f - 18 = -q*f. Suppose 2*j = f*j - 8. What are the prime factors of j?
2
Suppose 4 + 0 = 2*n. Suppose q + n = -q. List the prime factors of 0 + 3 + 13 + q.
3, 5
Suppose 4*r = 154 - 6. What are the prime factors of r?
37
List the prime factors of -3*((-3)/(-9))/(5/(-860)).
2, 43
Let k(z) = z**3 - 5*z**2 - 7*z + 12. Let p be k(6). Suppose y + o = p*o + 7, -y - 5*o = -27. List the prime factors of y.
17
Let m = 16 - 7. Let x = 24 - m. What are the prime factors of x?
3, 5
Suppose 7*c - 6*c - 51 = 0. What are the prime factors of c?
3, 17
Let y be 1/4 + 522/24. Suppose -5*m - 2*a + 18 = 0, 5*m + 0*a = 2*a + y. Suppose 0 = -2*r + 6 + m. What are the prime factors of r?
5
What are the prime factors of 4/(-14) + (-2406)/(-42)?
3, 19
Suppose 6*b = 200 + 232. List the prime factors of b.
2, 3
Let j(i) = -i**3 - 4*i**2 + 3*i - 6. Let x(l) = -l**3 + 7*l**2 + 8*l - 5. Let b be x(8). What are the prime factors of j(b)?
2
Let x(l) = -6*l + 2. Let g be x(8). Let a = -8 - g. List the prime factors of a.
2, 19
Suppose 95 + 585 = 10*v. What are the prime factors of v?
2, 17
Let g = 323 - 188. List the prime factors of (-30)/g - (-724)/18.
2, 5
Let h(f) = -f**3 - f**2 + f + 2. Let m be h(-2). Suppose -m*d - 8 = -28. Suppose 2*s + 5*v - 27 = 0, 9 + 7 = s + d*v. What are the prime factors of s?
11
Let b = -8 - -11. Suppose -b*z - 2 + 14 = 0. Suppose -z*d - 4 + 12 = 0. What are the prime factors of d?
2
Let o = 266 - 150. Suppose 0 = -5*w + 3*k + o, 3 = -2*w - 2*k + 43. What are the prime factors of w?
2, 11
Let f(m) be the first derivative of m**3/3 + 4*m**2 - 3*m + 1. What are the prime factors of f(-10)?
17
Suppose -3*v + 184 = v. Suppose 3*s - 63 = -s + o, -3*s = -o - v. List the prime factors of s.
17
Suppose -3*q = -2*z + 1, 2*z + q = 6*q - 1. Suppose -n - z*n = 0. Let j(r) = r**3 + r**2 + 12. List the prime factors of j(n).
2, 3
Let b = -255 - -401. List the prime factors of b.
2, 73
Suppose -2*x - 4 = -6*x. Let k be -8 + (0 + 2)*x. What are the prime factors of ((-16)/k)/((-2)/(-6))?
2
Let d = 6 - 15. Let b = d - -26. List the prime factors of b.
17
Suppose a + 4*j = 7, 9 + 5 = 2*a + 3*j. Let m(l) = l**2 - 7*l - 7. Let i be m(a). Let d = 10 + i. What are the prime factors of d?
3
Let t(h) = 0*h**2 - 1 + 4*h**2 + h - h**2. Let i = -21 - -19. What are the prime factors of t(i)?
3
Let i(r) = -r**2 - 5*r + 2. Let c be i(-7). Let n = c - -17. Suppose f + n*v - 22 = 0, 5*v + 22 = f + 2*v. List the prime factors of f.
2, 11
Let h = -6 - 6. List the prime factors of h/(-9)*(-42)/(-4).
2, 7
Let v = 306 + -89. List the prime factors of (v/14)/(1/2).
31
Let p(w) = 4*w**2 + 5*w + 1. Let c(z) = z**2 + z. Let d(x) = -5*c(x) + p(x). Let o be d(-2). Let j = o + 11. List the prime factors of j.
2
Suppose -3*u - 2*u + 15 = 0, 0 = 3*g - 3*u - 6. Suppose -c + 115 = g*n, 2*n + c - 34 = 15. List the prime factors of n.
2, 11
Suppose -5*t + 20 = 3*v - 8*v, 0 = -4*v - 4. Let u = 8 - t. What are the prime factors of u?
5
Let n(f) = f**2 - 2*f. Let l be n(3). Suppose m = -l*m + 20. Suppose 14 = m*t + w, 0*t = -5*t - 5*w + 10. What are the prime factors of t?
3
Let y = 177 + -121. List the prime factors of y.
2, 7
Let s(l) be the first derivative of -3*l**2/2 - l - 9. List the prime factors of s(-10).
29
Suppose -g - 2*g + 9 = 0. Suppose n - u = 3*u + 5, -10 = -2*n - g*u. What are the prime factors of -1 + (n - (1 - 0))?
3
Let c = 41 + -28. List the prime factors of c.
13
Let a = -10 + 14. What are the prime factors of a?
2
Let s(u) = -2 + 4*u**2 + u**3 + u**2 + 0*u**3 - 5*u + 6. Let h be s(-6). List the prime factors of 2*3 + (0 - h).
2
Suppose 5*p - 661 = 9. What are the prime factors of p?
2, 67
Let q(y) = 3*y**2 - 3*y - 1. Let x(b) = -b + 9. Let n(l) = -l**3 + 3*l**2 + 3*l + 2. Let u be n(3). Let f be x(u). What are the prime factors of q(f)?
17
Suppose 0 = 3*w - c - 59 - 10, -w + 3*c + 15 = 0. List